{"id":2,"date":"2016-05-10T03:48:21","date_gmt":"2016-05-10T03:48:21","guid":{"rendered":"http:\/\/xn--psychotherapie-rttcher-9hc.de\/?page_id=2"},"modified":"2026-01-14T16:45:55","modified_gmt":"2026-01-14T16:45:55","slug":"sample-page","status":"publish","type":"page","link":"https:\/\/xn--psychotherapie-rttcher-9hc.de\/?page_id=2","title":{"rendered":"Meine Person"},"content":{"rendered":"<p><img loading=\"lazy\" decoding=\"async\" class=\"alignnone  wp-image-103\" src=\"https:\/\/xn--psychotherapie-rttcher-9hc.de\/wp-content\/uploads\/2026\/01\/\u00a9Photographie-Susanne-Kaestner-Businessbild-832-scaled.jpg\" alt=\"\" width=\"441\" height=\"662\" srcset=\"https:\/\/xn--psychotherapie-rttcher-9hc.de\/wp-content\/uploads\/2026\/01\/\u00a9Photographie-Susanne-Kaestner-Businessbild-832-scaled.jpg 1707w, https:\/\/xn--psychotherapie-rttcher-9hc.de\/wp-content\/uploads\/2026\/01\/\u00a9Photographie-Susanne-Kaestner-Businessbild-832-200x300.jpg 200w, https:\/\/xn--psychotherapie-rttcher-9hc.de\/wp-content\/uploads\/2026\/01\/\u00a9Photographie-Susanne-Kaestner-Businessbild-832-683x1024.jpg 683w, https:\/\/xn--psychotherapie-rttcher-9hc.de\/wp-content\/uploads\/2026\/01\/\u00a9Photographie-Susanne-Kaestner-Businessbild-832-768x1152.jpg 768w, https:\/\/xn--psychotherapie-rttcher-9hc.de\/wp-content\/uploads\/2026\/01\/\u00a9Photographie-Susanne-Kaestner-Businessbild-832-1024x1536.jpg 1024w, https:\/\/xn--psychotherapie-rttcher-9hc.de\/wp-content\/uploads\/2026\/01\/\u00a9Photographie-Susanne-Kaestner-Businessbild-832-1365x2048.jpg 1365w, https:\/\/xn--psychotherapie-rttcher-9hc.de\/wp-content\/uploads\/2026\/01\/\u00a9Photographie-Susanne-Kaestner-Businessbild-832-600x900.jpg 600w, https:\/\/xn--psychotherapie-rttcher-9hc.de\/wp-content\/uploads\/2026\/01\/\u00a9Photographie-Susanne-Kaestner-Businessbild-832-1600x2400.jpg 1600w, https:\/\/xn--psychotherapie-rttcher-9hc.de\/wp-content\/uploads\/2026\/01\/\u00a9Photographie-Susanne-Kaestner-Businessbild-832-1200x1800.jpg 1200w, https:\/\/xn--psychotherapie-rttcher-9hc.de\/wp-content\/uploads\/2026\/01\/\u00a9Photographie-Susanne-Kaestner-Businessbild-832-800x1200.jpg 800w\" sizes=\"auto, (max-width: 441px) 100vw, 441px\" \/><\/p>\n<p><strong>Studium der Psychologie<\/strong> (5 Jahre, Abschluss: Diplom, Universit\u00e4t M\u00fcnster) bis 2009.<\/p>\n<p><strong>Ausbildung zum Psychologischen Psychotherapeuten<\/strong> (5 Jahre, Abschluss: Approbation, ZIST-Akademie Penzberg) bis 2019.<\/p>\n<p>Eigene Praxis f\u00fcr Psychotherapie seit September 2019.<\/p>\n<p><strong>Berufliche Erfahrung (Stationen) [von oben nach unten mit abnehmender Bedeutung]:<\/strong><\/p>\n<p>Ambulante Psychotherapie im Rahmen der Ausbildung (Praxis Dr. Scheurer, L\u00fcnen)<\/p>\n<p>Teilstation\u00e4re Psychotherapie (LWL-Tagesklinik Lippstadt)<\/p>\n<p>Station\u00e4re Psychotherapie\/Reha (LWL-Institut f\u00fcr Rehabilitation Warstein, Reha Bochum, Marienkrankenhaus Soest)<\/p>\n<p>Verkehrspsychologische Rehabilitation (T\u00dcV Nord, T\u00dcV Rheinland)<\/p>\n<p>Gutachter f\u00fcr Kraftfahr-Eignung (T\u00dcV S\u00fcd)<\/p>\n<p>Krisenintervention (T\u00dcV Nord, Terapon Consulting)<\/p>\n<p>Unterricht psychologischer Lernfelder f\u00fcr Gesundheitsberufe (max Q , APM, usw.)<\/p>\n<p>Entspannungskurse (Tai Chi [Schwarzgurt], Qi Gong, Yoga; selbst\u00e4ndig, Hochschulsport, VHS)<\/p>\n<p>Psychologische Trainings (AWO L\u00fcnen, Forum Gesundheit Schwerte, Fanprojekt Dortmund, Jugendamt Dortmund)<\/p>\n<p>Testdiagnostik (bfw Bochum u. Gelsenkirchen, FAA Gelsenkirchen)<\/p>\n<p>Jobcoaching (Netzwerk Beruf u. Bildung Ahlen, GEBA Bergkamen, ZAQ Oberhausen)<\/p>\n<p>Existenzgr\u00fcnder-Eignungsfeststellungen (Primus Ruhr, Duisburg)<\/p>\n<p>Tutor (Fernuniversit\u00e4t Hagen, JVA M\u00fcnster)<\/p>\n<p>Eigene Existenzgr\u00fcndungen (Beratung, soziales Netzwerk)<\/p>\n<p>Feng Shui-Beratung<\/p>\n<p>und diverse Praktika (u.a. Psychiatrie Bochum, DB Training Berlin)<\/p>\n<p>und Fortbildungen<\/p>\n","protected":false},"excerpt":{"rendered":"<p>Studium der Psychologie (5 Jahre, Abschluss: Diplom, Universit\u00e4t M\u00fcnster) bis 2009. Ausbildung zum Psychologischen Psychotherapeuten (5 Jahre, Abschluss: Approbation, ZIST-Akademie Penzberg) bis 2019. Eigene Praxis f\u00fcr Psychotherapie seit September 2019. Berufliche Erfahrung (Stationen) [von oben nach unten mit abnehmender Bedeutung]: Ambulante Psychotherapie im Rahmen der Ausbildung (Praxis Dr. Scheurer, L\u00fcnen) Teilstation\u00e4re Psychotherapie (LWL-Tagesklinik Lippstadt) Station\u00e4re [&hellip;]<\/p>\n","protected":false},"author":1,"featured_media":0,"parent":0,"menu_order":2,"comment_status":"closed","ping_status":"closed","template":"","meta":{"footnotes":""},"class_list":["post-2","page","type-page","status-publish","hentry"],"_links":{"self":[{"href":"https:\/\/xn--psychotherapie-rttcher-9hc.de\/index.php?rest_route=\/wp\/v2\/pages\/2","targetHints":{"allow":["GET"]}}],"collection":[{"href":"https:\/\/xn--psychotherapie-rttcher-9hc.de\/index.php?rest_route=\/wp\/v2\/pages"}],"about":[{"href":"https:\/\/xn--psychotherapie-rttcher-9hc.de\/index.php?rest_route=\/wp\/v2\/types\/page"}],"author":[{"embeddable":true,"href":"https:\/\/xn--psychotherapie-rttcher-9hc.de\/index.php?rest_route=\/wp\/v2\/users\/1"}],"replies":[{"embeddable":true,"href":"https:\/\/xn--psychotherapie-rttcher-9hc.de\/index.php?rest_route=%2Fwp%2Fv2%2Fcomments&post=2"}],"version-history":[{"count":5,"href":"https:\/\/xn--psychotherapie-rttcher-9hc.de\/index.php?rest_route=\/wp\/v2\/pages\/2\/revisions"}],"predecessor-version":[{"id":108,"href":"https:\/\/xn--psychotherapie-rttcher-9hc.de\/index.php?rest_route=\/wp\/v2\/pages\/2\/revisions\/108"}],"wp:attachment":[{"href":"https:\/\/xn--psychotherapie-rttcher-9hc.de\/index.php?rest_route=%2Fwp%2Fv2%2Fmedia&parent=2"}],"curies":[{"name":"wp","href":"https:\/\/api.w.org\/{rel}","templated":true}]}}

<p><img loading="lazy" decoding="async" class="alignnone  wp-image-103" src="https://xn--psychotherapie-rttcher-9hc.de/wp-content/uploads/2026/01/©Photographie-Susanne-Kaestner-Businessbild-832-scaled.jpg" alt="" width="441" height="662" srcset="https://xn--psychotherapie-rttcher-9hc.de/wp-content/uploads/2026/01/©Photographie-Susanne-Kaestner-Businessbild-832-scaled.jpg 1707w, https://xn--psychotherapie-rttcher-9hc.de/wp-content/uploads/2026/01/©Photographie-Susanne-Kaestner-Businessbild-832-200x300.jpg 200w, https://xn--psychotherapie-rttcher-9hc.de/wp-content/uploads/2026/01/©Photographie-Susanne-Kaestner-Businessbild-832-683x1024.jpg 683w, https://xn--psychotherapie-rttcher-9hc.de/wp-content/uploads/2026/01/©Photographie-Susanne-Kaestner-Businessbild-832-768x1152.jpg 768w, https://xn--psychotherapie-rttcher-9hc.de/wp-content/uploads/2026/01/©Photographie-Susanne-Kaestner-Businessbild-832-1024x1536.jpg 1024w, https://xn--psychotherapie-rttcher-9hc.de/wp-content/uploads/2026/01/©Photographie-Susanne-Kaestner-Businessbild-832-1365x2048.jpg 1365w, https://xn--psychotherapie-rttcher-9hc.de/wp-content/uploads/2026/01/©Photographie-Susanne-Kaestner-Businessbild-832-600x900.jpg 600w, https://xn--psychotherapie-rttcher-9hc.de/wp-content/uploads/2026/01/©Photographie-Susanne-Kaestner-Businessbild-832-1600x2400.jpg 1600w, https://xn--psychotherapie-rttcher-9hc.de/wp-content/uploads/2026/01/©Photographie-Susanne-Kaestner-Businessbild-832-1200x1800.jpg 1200w, https://xn--psychotherapie-rttcher-9hc.de/wp-content/uploads/2026/01/©Photographie-Susanne-Kaestner-Businessbild-832-800x1200.jpg 800w" sizes="auto, (max-width: 441px) 100vw, 441px" /></p>
<p><strong>Studium der Psychologie</strong> (5 Jahre, Abschluss: Diplom, Universität Münster) bis 2009.</p>
<p><strong>Ausbildung zum Psychologischen Psychotherapeuten</strong> (5 Jahre, Abschluss: Approbation, ZIST-Akademie Penzberg) bis 2019.</p>
<p>Eigene Praxis für Psychotherapie seit September 2019.</p>
<p><strong>Berufliche Erfahrung (Stationen) [von oben nach unten mit abnehmender Bedeutung]:</strong></p>
<p>Ambulante Psychotherapie im Rahmen der Ausbildung (Praxis Dr. Scheurer, Lünen)</p>
<p>Teilstationäre Psychotherapie (LWL-Tagesklinik Lippstadt)</p>
<p>Stationäre Psychotherapie/Reha (LWL-Institut für Rehabilitation Warstein, Reha Bochum, Marienkrankenhaus Soest)</p>
<p>Verkehrspsychologische Rehabilitation (TÜV Nord, TÜV Rheinland)</p>
<p>Gutachter für Kraftfahr-Eignung (TÜV Süd)</p>
<p>Krisenintervention (TÜV Nord, Terapon Consulting)</p>
<p>Unterricht psychologischer Lernfelder für Gesundheitsberufe (max Q , APM, usw.)</p>
<p>Entspannungskurse (Tai Chi [Schwarzgurt], Qi Gong, Yoga; selbständig, Hochschulsport, VHS)</p>
<p>Psychologische Trainings (AWO Lünen, Forum Gesundheit Schwerte, Fanprojekt Dortmund, Jugendamt Dortmund)</p>
<p>Testdiagnostik (bfw Bochum u. Gelsenkirchen, FAA Gelsenkirchen)</p>
<p>Jobcoaching (Netzwerk Beruf u. Bildung Ahlen, GEBA Bergkamen, ZAQ Oberhausen)</p>
<p>Existenzgründer-Eignungsfeststellungen (Primus Ruhr, Duisburg)</p>
<p>Tutor (Fernuniversität Hagen, JVA Münster)</p>
<p>Eigene Existenzgründungen (Beratung, soziales Netzwerk)</p>
<p>Feng Shui-Beratung</p>
<p>und diverse Praktika (u.a. Psychiatrie Bochum, DB Training Berlin)</p>
<p>und Fortbildungen</p>

<p>Studium der Psychologie (5 Jahre, Abschluss: Diplom, Universität Münster) bis 2009. Ausbildung zum Psychologischen Psychotherapeuten (5 Jahre, Abschluss: Approbation, ZIST-Akademie Penzberg) bis 2019. Eigene Praxis für Psychotherapie seit September 2019. Berufliche Erfahrung (Stationen) [von oben nach unten mit abnehmender Bedeutung]: Ambulante Psychotherapie im Rahmen der Ausbildung (Praxis Dr. Scheurer, Lünen) Teilstationäre Psychotherapie (LWL-Tagesklinik Lippstadt) Stationäre [&hellip;]</p>
